66 + d. List the prime factors of r.
2, 3, 11
Let b be ((-12)/(-6))/(0 - -1). Suppose 10 = 3*r - b*i, r = -0*i + 4*i + 20. What are the prime factors of (-18 + (r - -1))*-1?
17
Let k = 24 + -41. Let g = 163 + k. List the prime factors of g.
2, 73
Let d(v) = -2*v + v + 4 + 5*v**2 - 4*v**2. Let s(a) = a + 34. Let h be s(-29). What are the prime factors of d(h)?
2, 3
List the prime factors of 5705/13 - 30/(-195).
439
Suppose 4*a - 552 = 612. List the prime factors of a.
3, 97
Let k be (-3 + 0 - -1) + 1. Let h be -12*(3/6 - k). What are the prime factors of 6/2 - h/2?
2, 3
Let z(y) = 2*y**2 - 36*y + 615. What are the prime factors of z(41)?
41, 61
Let f be (-6)/(-3) - (-36)/4. Let a be (-17*1)/((-11)/f). Suppose -q = -53 - a. What are the prime factors of q?
2, 5, 7
Let h = 2 - 2. Let j(a) = -a**2 + 11*a - 29. Let f be j(5). What are the prime factors of 32 + 6 + (f - h)?
3, 13
Let z(l) = -l**3 - 3*l**2 - l - 3. Let u be z(-3). Suppose u = 4*j - 9 - 127. What are the prime factors of j?
2, 17
Let v(s) be the first derivative of 9*s**4/4 + 2*s**3/3 - s**2/2 - 11. Let n be v(1). Suppose k = 6*k - n. What are the prime factors of k?
2
Let m = -127 - -586. What are the prime factors of m?
3, 17
What are the prime factors of ((-8)/(-10))/(((-63)/(-10850))/9)?
2, 5, 31
Let s be (-118 + -1)*-1 + (-12 - -15). Suppose -2*a - 2*x + 310 = 0, 4*a + s = -5*x + 738. List the prime factors of a.
3, 53
Let y(i) be the first derivative of -i**5/20 - i**4/3 - i**3/3 + 2*i**2 - 4*i - 4. Let p(w) be the first derivative of y(w). List the prime factors of p(-4).
2, 3
Let l be 938/9 - (-4)/(-18). Suppose 3*o = 7*o - l. Suppose -o = -0*p - 2*p. List the prime factors of p.
13
Let w(t) = 2*t**2 + 22*t - 19. Let f be w(-11). Let p(u) = -u**2 - 26*u + 25. What are the prime factors of p(f)?
2, 79
Let m = 19 + -15. Suppose -m*b = 4*v - 10 - 6, -2*v - 4*b = -6. Suppose -2*w = -v*g - 60, -w + 120 = 3*w - 5*g. List the prime factors of w.
2, 3, 5
Suppose 2*s = -s, -25 = 5*t + 4*s. Let w = t - -32. List the prime factors of w.
3
Suppose -2 = 6*t - 8*t. What are the prime factors of (4 - (-88 - 1)) + t*-3?
2, 3, 5
Let j(s) = 2*s**2 + 4*s + 6. Let r be j(-7). Let c = -22 + r. List the prime factors of c.
2, 3
Let h(b) = b + 13. Let d be h(-11). Suppose 3*f + d = 2*f + y, -3*y = 2*f - 16. Suppose f*v = s + 29, 0*s = 3*v - 2*s - 42. What are the prime factors of v?
2
Suppose 0 = 3*q + 2*z - 1569, -z + 5*z = q - 523. List the prime factors of q.
523
List the prime factors of (-429437)/(-153) + (-3 - 87/(-27)).
7, 401
Suppose 2*c - 14 = -6. Suppose 0*x - 5*x + 49 = 3*h, c*h = -5*x + 57. Suppose 4*q - h*q + 16 = 0. List the prime factors of q.
2
Suppose 0 = -2*t + 63 + 75. Let a = 126 - t. List the prime factors of a.
3, 19
Suppose 5*n = 1202 + 2193. What are the prime factors of n?
7, 97
Let f(y) = -y + 14. Let a be f(11). Suppose x = a*x. Suppose x = -p + 2*p - 9. What are the prime factors of p?
3
Let y(a) = a**2 - 11*a - 16. Suppose -8*o + 7*o = -14. What are the prime factors of y(o)?
2, 13
Suppose 3 = -0*r + r. Suppose -8*v + 145 = -r*v. List the prime factors of v.
29
Suppose -5*z + 4*f + 669 = 53, -371 = -3*z + f. Let x = z - 72. List the prime factors of x.
2, 13
What are the prime factors of -51*42/(-77) - (-8)/44?
2, 7
Let l be (6/(-4))/(3 + 25/(-8)). Suppose -4*s - 4 = -0*s, 4*h + 5*s + 141 = 0. List the prime factors of l/102 + (-302)/h.
3
Suppose 3*n = w - 0*n, 3*w - 5 = 4*n. Let z(v) = v**3 + v**2 - 3*v + 5. What are the prime factors of z(w)?
2
Let g = 8 + 1. Let z(d) = 5 - 4 + 2*d - 7*d - g*d. What are the prime factors of z(-2)?
29
Let q = 32 + 240. List the prime factors of q.
2, 17
Let y(q) = 4*q**2 + 8*q - 21. List the prime factors of y(-9).
3, 7, 11
Suppose -8 = -9*n + 5*n. Suppose 0 = -a + 2*z + 80, 4*a + n*z - 333 = -3*z. List the prime factors of a.
2, 41
Let o = 14321 + -9677. What are the prime factors of (-2)/(-5) - o/(-90)?
2, 13
Let d be ((-11)/((-77)/(-18)))/(3/(-56)). Suppose -63 = -l + d. List the prime factors of l.
3, 37
Suppose -1574 = -f + 4*a, 0*f + 6376 = 4*f + 4*a. List the prime factors of f.
2, 3, 5, 53
Suppose -4*n + 1284 = -2*b, -3*n + 0*b + 949 = -5*b. Suppose 2*l = 4*w - 3*w + n, -4*l = -4*w - 652. List the prime factors of l.
2, 5
Let u = -130 - -227. Suppose 4*g + 29 + 191 = 0. Let n = u + g. List the prime factors of n.
2, 3, 7
Suppose -31 = -3*k + 5. Suppose 0*s - 2*s + 5*t + 24 = 0, k = 2*s - 2*t. What are the prime factors of 24 + (3 - (3 + s))?
2, 11
Suppose -3*b + 4*j - 48 = 0, -4*b - 3*j - 64 = j. Let y be 1/4 - 108/b. Suppose -100 = -y*x + 5*x. What are the prime factors of x?
2, 5
Let m be (2*3/(-36))/(3/(-18)). Suppose -3 = t - 2*t. What are the prime factors of -45*m*(-2)/t?
2, 3, 5
Let w be (16/(-16))/(2/334). Let t = 234 + w. What are the prime factors of t?
67
Let z = 3 + -3. Suppose z = -2*s + 17 + 33. List the prime factors of s.
5
Suppose -z - 2*z + 3*r + 795 = 0, 3*z + 3*r - 825 = 0. What are the prime factors of z?
2, 3, 5
Suppose -x - 5*t - 4 = -0*t, x + 3*t = 0. Suppose -3 - x = 3*w. What are the prime factors of (-1)/(w/9) + 6?
3
Suppose 0 = 9*v - 0. Suppose -2*x - 3*o + 124 = v, -2 - 2 = o. What are the prime factors of x?
2, 17
Suppose -2*f - 12 = -3*x, -4 + 16 = 3*x. Let j be 6*4/(-4) - f. Let o(s) = -8*s - 10. List the prime factors of o(j).
2, 19
Let w(i) = -i + 7. Let n be w(4). Suppose 0 = -7*l + n*l + 660. Suppose -3*x = -0*v - 4*v + 220, -l = -3*v - 4*x. What are the prime factors of v?
5, 11
Let y(u) be the second derivative of -7*u**5/10 + 2*u**3/3 + u**2/2 - 4*u - 3. List the prime factors of y(-2).
3, 5, 7
Let c = -21 - -24. Suppose -46 - 3 = -c*o + k, -3*o = 5*k - 43. What are the prime factors of o?
2
Let v be (64/12)/((-1)/(-3)). Suppose -3*p = -6*p. Suppose p = -s - 5*o + v, 2*s - 6*o + o - 32 = 0. List the prime factors of s.
2
Let h = -783 - -1444. What are the prime factors of h?
661
Let u(x) = x**2 + 10*x + 17. Let g(s) be the second derivative of -s**3/2 + 3*s**2 + 8*s. Let n be g(5). What are the prime factors of u(n)?
2
Let r = -102 + 178. Let u = -142 + r. Let c = -25 - u. What are the prime factors of c?
41
Let p(u) = -u - 6. Suppose 2*j - 5*r + 6 = 0, 3*j + 15 = 5*r + 1. Let k be p(j). Suppose -k*b + 4*b - 48 = 0. List the prime factors of b.
2, 3
What are the prime factors of (11 - (-406)/(-35)) + 21954/15?
7, 11, 19
Let j(p) = p**3 - 6*p**2 - 3*p - 6. Let o be j(7). Let t = -25 - -55. Let z = t + o. What are the prime factors of z?
2, 13
Let c be (-4)/(-3) - ((-7)/(-3))/7. What are the prime factors of (1 - c) + 4 - (-282 - -36)?
2, 5
Let d = -337 - 200. Let b = 755 + d. List the prime factors of b.
2, 109
Let w = 4 - 1. Suppose 0 = c + 1 - 4. Suppose 69 = 4*r - w*n, -r + c*n + 0*n = -24. What are the prime factors of r?
3, 5
Suppose 29*q - 48*q = -4161. What are the prime factors of q?
3, 73
Let m be -6 + 145 - (-4)/4. Suppose -5*l + m = -250. List the prime factors of (1 - 1) + -8 + l.
2, 5, 7
What are the prime factors of (6*(-70)/(-120))/((-1)/(-86))?
7, 43
List the prime factors of (70 - 1459)*(-1 - (-4)/6).
463
Let y be (-1 + -1)/(2/(-59)). Let v(o) = o**2 + 13*o + 26. Let j be v(-11). Suppose -2*c + 2 = p, -j*p - 2*c + y - 21 = 0. List the prime factors of p.
2, 3
Let z(x) = -x**3 - 4*x**2 - x - 16. Let c(p) = -p**2 - 3. Let o(q) = 11*c(q) - 2*z(q). What are the prime factors of o(2)?
7
Let f(j) = -6*j + 55. Let h be f(12). Suppose 20 - 5 = 3*p. Let r = p - h. List the prime factors of r.
2, 11
Suppose 2*i + 238 = 4*i. Let m be (-7)/1*(-34)/i. Suppose 4*z - 299 = -5*l, m*l - z = -0*l + 117. What are the prime factors of l?
59
Suppose 61*g + 15860 = 74*g. What are the prime factors of g?
2, 5, 61
Let h(t) = -27*t - 5 + 5*t**2 - 16*t + 49*t. List the prime factors of h(-8).
3, 89
Suppose 105*t = 102*t + 2505. What are the prime factors of t?
5, 167
Let m(j) = 0 + 2*j - 4*j - 21 - 5*j. Let x be m(-14). Suppose x = 3*s + 14. What are the prime factors of s?
3, 7
Let u be (114/(-5))/(30/(-100)). Let x = -38 + u. What are the prime factors of x?
2, 19
Let f = -61 - -58. What are the prime factors of -15*(-7 + 3 + f)?
3, 5, 7
Let w(y) = -y**3 + 7*y**2 - 34. Let g(b) = -2*b**2 + 82 - 81 + b**2. Let d(j) = -6*g(j) - w(j). What are the prime factors of d(0)?
2, 7
Let p = 7 - 9. Let s(